{"id":120,"date":"2014-03-03T01:42:13","date_gmt":"2014-03-02T23:42:13","guid":{"rendered":"http:\/\/localhost:85\/wordpress\/?page_id=120"},"modified":"2024-01-17T19:29:06","modified_gmt":"2024-01-17T18:29:06","slug":"kontakt","status":"publish","type":"page","link":"https:\/\/www.kanu-coswig.de\/?page_id=120","title":{"rendered":"Kontakt &#038; Vermietung"},"content":{"rendered":"<h3>Kontakt<\/h3>\n<p>Ihr m\u00f6chtet gern Kontakt mit uns aufnehmen? Kein Problem.<\/p>\n<p style=\"padding-left: 30px;\">Bootshaus Coswig<br \/>\nFeldweg 15<br \/>\n01640 Coswig<\/p>\n<p><a href=\"mailto:bootshaus@kanu-coswig.de?subject=Anfrage%20via%20Webseite\">Bitte klickt hier<\/a>, um eine E-Mail an uns zu erstellen.<\/p>\n<p>Bitte beachtet bevor Ihr eine \u00dcbernachtungsanfrage sendet:<\/p>\n<ul>\n<li>Wir sind nur ein Bootshausgel\u00e4nde und kein \u00f6ffentlicher Zeltplatz. Es ist schon mehrfach vorgekommen, dass Interessenten versehentlich und aufgrund falscher Informationen bei uns angefragt haben &#8211; anstelle beim benachbarten Zeltplatz am Freibad Kiesgrube Coswig. Hier gehts entlang &#8211;&gt; <a href=\"http:\/\/www.campingplatz-coswig.de\/\" target=\"_blank\" rel=\"noopener\">http:\/\/www.campingplatz-coswig.de<\/a><\/li>\n<li>Wir sind das Bootshaus Coswig in Sachsen am Elbkilometer 74 ! Es gibt noch eine zweite Stadt Coswig in Sachsen-Anhalt beim Elbkilometer 237, welche ebenfalls mit Kanuverein und Bootshaus aufwartet. &#8211;&gt;\u00a0<a href=\"http:\/\/www.kanuverein-coswig.de\/\" target=\"_blank\" rel=\"noopener\">http:\/\/www.kanuverein-coswig.de<\/a><\/li>\n<\/ul>\n<p><!-- Alle Unstimmigkeiten gekl\u00e4rt? Na dann los, hier bitte die Nachricht hinterlassen. [contact-form-7 id=\"390\" title=\"Kontaktformular 1\"] --><\/p>\n<h3>Vermietung<\/h3>\n<p>Das Bootshaus ist auch f\u00fcr Feierlichkeiten zur Vermietung bereit.<br \/>\nSchickt uns bitte <a href=\"mailto:vermietung@kanu-coswig.de?subject=Vermietungsanfrage%20via%20Webseite\">eine Email<\/a> damit wir pr\u00fcfen k\u00f6nnen ob das Bootshaus zu Eurer Wunschzeit verf\u00fcgbar ist und um alles weitere zu kl\u00e4ren.<\/p>\n","protected":false},"excerpt":{"rendered":"<p>Kontakt Ihr m\u00f6chtet gern Kontakt mit uns aufnehmen? Kein Problem. Bootshaus Coswig Feldweg 15 01640 Coswig Bitte klickt hier, um eine E-Mail an uns zu erstellen. Bitte beachtet bevor Ihr eine \u00dcbernachtungsanfrage sendet: Wir sind nur ein Bootshausgel\u00e4nde und kein \u00f6ffentlicher Zeltplatz. Es ist schon mehrfach vorgekommen, dass Interessenten versehentlich\u2026 <a class=\"continue-reading-link\" href=\"https:\/\/www.kanu-coswig.de\/?page_id=120\">Weiterlesen<\/a><\/p>\n","protected":false},"author":1,"featured_media":0,"parent":0,"menu_order":0,"comment_status":"closed","ping_status":"closed","template":"","meta":{"footnotes":""},"class_list":["post-120","page","type-page","status-publish","hentry"],"yoast_head":"<!-- This site is optimized with the Yoast SEO plugin v21.8 - https:\/\/yoast.com\/wordpress\/plugins\/seo\/ -->\n<title>Kontakt &amp; Vermietung - Coswiger Kanu-Verein e.V.<\/title>\n<meta name=\"robots\" content=\"index, follow, max-snippet:-1, max-image-preview:large, max-video-preview:-1\" \/>\n<link rel=\"canonical\" href=\"https:\/\/www.kanu-coswig.de\/?page_id=120\" \/>\n<meta property=\"og:locale\" content=\"de_DE\" \/>\n<meta property=\"og:type\" content=\"article\" \/>\n<meta property=\"og:title\" content=\"Kontakt &amp; Vermietung - Coswiger Kanu-Verein e.V.\" \/>\n<meta property=\"og:description\" content=\"Kontakt Ihr m\u00f6chtet gern Kontakt mit uns aufnehmen? Kein Problem. Bootshaus Coswig Feldweg 15 01640 Coswig Bitte klickt hier, um eine E-Mail an uns zu erstellen. Bitte beachtet bevor Ihr eine \u00dcbernachtungsanfrage sendet: Wir sind nur ein Bootshausgel\u00e4nde und kein \u00f6ffentlicher Zeltplatz. Es ist schon mehrfach vorgekommen, dass Interessenten versehentlich\u2026 Weiterlesen\" \/>\n<meta property=\"og:url\" content=\"https:\/\/www.kanu-coswig.de\/?page_id=120\" \/>\n<meta property=\"og:site_name\" content=\"Coswiger Kanu-Verein e.V.\" \/>\n<meta property=\"article:modified_time\" content=\"2024-01-17T18:29:06+00:00\" \/>\n<meta name=\"twitter:label1\" content=\"Gesch\u00e4tzte Lesezeit\" \/>\n\t<meta name=\"twitter:data1\" content=\"1\u00a0Minute\" \/>\n<script type=\"application\/ld+json\" class=\"yoast-schema-graph\">{\"@context\":\"https:\/\/schema.org\",\"@graph\":[{\"@type\":\"WebPage\",\"@id\":\"https:\/\/www.kanu-coswig.de\/?page_id=120\",\"url\":\"https:\/\/www.kanu-coswig.de\/?page_id=120\",\"name\":\"Kontakt & Vermietung - Coswiger Kanu-Verein e.V.\",\"isPartOf\":{\"@id\":\"https:\/\/www.kanu-coswig.de\/#website\"},\"datePublished\":\"2014-03-02T23:42:13+00:00\",\"dateModified\":\"2024-01-17T18:29:06+00:00\",\"breadcrumb\":{\"@id\":\"https:\/\/www.kanu-coswig.de\/?page_id=120#breadcrumb\"},\"inLanguage\":\"de\",\"potentialAction\":[{\"@type\":\"ReadAction\",\"target\":[\"https:\/\/www.kanu-coswig.de\/?page_id=120\"]}]},{\"@type\":\"BreadcrumbList\",\"@id\":\"https:\/\/www.kanu-coswig.de\/?page_id=120#breadcrumb\",\"itemListElement\":[{\"@type\":\"ListItem\",\"position\":1,\"name\":\"Home\",\"item\":\"https:\/\/www.kanu-coswig.de\/\"},{\"@type\":\"ListItem\",\"position\":2,\"name\":\"Kontakt &#038; Vermietung\"}]},{\"@type\":\"WebSite\",\"@id\":\"https:\/\/www.kanu-coswig.de\/#website\",\"url\":\"https:\/\/www.kanu-coswig.de\/\",\"name\":\"Coswiger Kanu-Verein e.V.\",\"description\":\"Zentrum f\u00fcr Kanusport, Kanutouristik und Freizeit in Sachsen\",\"potentialAction\":[{\"@type\":\"SearchAction\",\"target\":{\"@type\":\"EntryPoint\",\"urlTemplate\":\"https:\/\/www.kanu-coswig.de\/?s={search_term_string}\"},\"query-input\":\"required name=search_term_string\"}],\"inLanguage\":\"de\"}]}<\/script>\n<!-- \/ Yoast SEO plugin. -->","yoast_head_json":{"title":"Kontakt & Vermietung - Coswiger Kanu-Verein e.V.","robots":{"index":"index","follow":"follow","max-snippet":"max-snippet:-1","max-image-preview":"max-image-preview:large","max-video-preview":"max-video-preview:-1"},"canonical":"https:\/\/www.kanu-coswig.de\/?page_id=120","og_locale":"de_DE","og_type":"article","og_title":"Kontakt & Vermietung - Coswiger Kanu-Verein e.V.","og_description":"Kontakt Ihr m\u00f6chtet gern Kontakt mit uns aufnehmen? Kein Problem. Bootshaus Coswig Feldweg 15 01640 Coswig Bitte klickt hier, um eine E-Mail an uns zu erstellen. Bitte beachtet bevor Ihr eine \u00dcbernachtungsanfrage sendet: Wir sind nur ein Bootshausgel\u00e4nde und kein \u00f6ffentlicher Zeltplatz. Es ist schon mehrfach vorgekommen, dass Interessenten versehentlich\u2026 Weiterlesen","og_url":"https:\/\/www.kanu-coswig.de\/?page_id=120","og_site_name":"Coswiger Kanu-Verein e.V.","article_modified_time":"2024-01-17T18:29:06+00:00","twitter_misc":{"Gesch\u00e4tzte Lesezeit":"1\u00a0Minute"},"schema":{"@context":"https:\/\/schema.org","@graph":[{"@type":"WebPage","@id":"https:\/\/www.kanu-coswig.de\/?page_id=120","url":"https:\/\/www.kanu-coswig.de\/?page_id=120","name":"Kontakt & Vermietung - Coswiger Kanu-Verein e.V.","isPartOf":{"@id":"https:\/\/www.kanu-coswig.de\/#website"},"datePublished":"2014-03-02T23:42:13+00:00","dateModified":"2024-01-17T18:29:06+00:00","breadcrumb":{"@id":"https:\/\/www.kanu-coswig.de\/?page_id=120#breadcrumb"},"inLanguage":"de","potentialAction":[{"@type":"ReadAction","target":["https:\/\/www.kanu-coswig.de\/?page_id=120"]}]},{"@type":"BreadcrumbList","@id":"https:\/\/www.kanu-coswig.de\/?page_id=120#breadcrumb","itemListElement":[{"@type":"ListItem","position":1,"name":"Home","item":"https:\/\/www.kanu-coswig.de\/"},{"@type":"ListItem","position":2,"name":"Kontakt &#038; Vermietung"}]},{"@type":"WebSite","@id":"https:\/\/www.kanu-coswig.de\/#website","url":"https:\/\/www.kanu-coswig.de\/","name":"Coswiger Kanu-Verein e.V.","description":"Zentrum f\u00fcr Kanusport, Kanutouristik und Freizeit in Sachsen","potentialAction":[{"@type":"SearchAction","target":{"@type":"EntryPoint","urlTemplate":"https:\/\/www.kanu-coswig.de\/?s={search_term_string}"},"query-input":"required name=search_term_string"}],"inLanguage":"de"}]}},"_links":{"self":[{"href":"https:\/\/www.kanu-coswig.de\/index.php?rest_route=\/wp\/v2\/pages\/120","targetHints":{"allow":["GET"]}}],"collection":[{"href":"https:\/\/www.kanu-coswig.de\/index.php?rest_route=\/wp\/v2\/pages"}],"about":[{"href":"https:\/\/www.kanu-coswig.de\/index.php?rest_route=\/wp\/v2\/types\/page"}],"author":[{"embeddable":true,"href":"https:\/\/www.kanu-coswig.de\/index.php?rest_route=\/wp\/v2\/users\/1"}],"replies":[{"embeddable":true,"href":"https:\/\/www.kanu-coswig.de\/index.php?rest_route=%2Fwp%2Fv2%2Fcomments&post=120"}],"version-history":[{"count":11,"href":"https:\/\/www.kanu-coswig.de\/index.php?rest_route=\/wp\/v2\/pages\/120\/revisions"}],"predecessor-version":[{"id":1633,"href":"https:\/\/www.kanu-coswig.de\/index.php?rest_route=\/wp\/v2\/pages\/120\/revisions\/1633"}],"wp:attachment":[{"href":"https:\/\/www.kanu-coswig.de\/index.php?rest_route=%2Fwp%2Fv2%2Fmedia&parent=120"}],"curies":[{"name":"wp","href":"https:\/\/api.w.org\/{rel}","templated":true}]}}