{"id":36,"date":"2014-02-10T17:21:17","date_gmt":"2014-02-10T15:21:17","guid":{"rendered":"http:\/\/localhost:85\/wordpress\/?page_id=36"},"modified":"2014-02-10T17:21:17","modified_gmt":"2014-02-10T15:21:17","slug":"kanu-for-kids","status":"publish","type":"page","link":"https:\/\/www.kanu-coswig.de\/?page_id=36","title":{"rendered":"Nachwuchs"},"content":{"rendered":"<p style=\"text-align: left;\">F\u00fcr unsere Slalom-Sportart suchen wir jederzeit Kinder und Jugendliche, die sich f\u00fcr den Wettkampfsport interessieren.<\/p>\n<p style=\"text-align: justify;\">Ihr m\u00f6gt den Aufenthalt in der Natur, Ihr wollt zusammen mit anderen zelten und Abenteuer erleben, Ihr liebt das Wasser und k\u00f6nnt schwimmen? Dann ist Kanusport die ideale Bet\u00e4tigung f\u00fcr Euch.<\/p>\n<p style=\"text-align: justify;\">Paddeln kann man am besten in einer Gruppe Gleichaltriger erlernen. Auch der Coswiger Kanuverein hat eine Jugendgruppe, die neben dem gemeinsamen Training f\u00fcr Wettk\u00e4mpfe, Wanderfahrten mit dem Boot und Zelt unternimmt.<\/p>\n<p style=\"text-align: justify;\">Doch hier zun\u00e4chst ein paar Informationen, bevor ihr Euch entscheidet:<\/p>\n<p style=\"text-align: justify;\"><b>Ab welchem Alter kann man paddeln ?<\/b><\/p>\n<p>Einige Kids lernen das Paddeln schon \u00fcber ihre Eltern, fast schon von Geburt an. Die ersten Erfahrungen sammeln sie im Familiencanadier und sp\u00e4ter bekommen irgendwann ihr eigenes Boot.<br \/>\nAndere haben ihre ersten Erfahrungen mit dem Kanusport \u00fcber den Schulsport gemacht. Um selbst\u00e4ndig paddeln zu lernen solltet Ihr aber schon 8 bis 10 Jahre alt sein und schwimmen k\u00f6nnen.<\/p>\n<p style=\"text-align: justify;\"><b>Wo k\u00f6nnt ihr am besten paddeln ?<\/b><\/p>\n<p>Nach wie vor sind die Vereine, so wie wir, der ideale Platz f\u00fcr Euch, um das Paddeln zu erlernen und um Gleichaltrige zu treffen. Schaut doch einfach mal bei uns herein, bevor Ihr Euch entscheidet. Euch winkt ein Monat kostenloses Schnuppertraining. Und wegen Boote braucht Ihr Euch auch keine Sorgen machen. Davon haben wir jede Menge. Sp\u00e4ter k\u00f6nnt ihr Euch dann ein eigenes kaufen, wenn Ihr wollt. Tips zum Kauf k\u00f6nnt Ihr auch bei uns bekommen.<\/p>\n<p>Habt Ihr einmal das Paddeln erlerrnt und Spa\u00df an diesem Sport gefunden, k\u00f6nnt Ihr &#8211; sofern Ihr wollt &#8211; entsprechend Eurer Neigung und Eurem Alter zum Wettkampfsport \u00fcberwechseln.<br \/>\nAuch wenn Ihr einmal Canadier fahren wollt (auf den Knien, wie die Indianer) fangt Ihr erst einmal im Kajak (sitzend und mit einem Doppelpaddel wie die Eskimos) mit dem \u00dcben an.<\/p>\n<p style=\"text-align: justify;\">Seid Ihr etwas neugierig geworden? Wenn ja, dann kommt doch einfach mal am Bootshaus in K\u00f6titz vorbei. Entweder einfach so, oder wenn mal wieder Schnuppertage sind.<\/p>\n<p style=\"text-align: justify;\">Na, probiert es doch einfach mal mit Paddeln!<\/p>\n","protected":false},"excerpt":{"rendered":"<p>F\u00fcr unsere Slalom-Sportart suchen wir jederzeit Kinder und Jugendliche, die sich f\u00fcr den Wettkampfsport interessieren. Ihr m\u00f6gt den Aufenthalt in der Natur, Ihr wollt zusammen mit anderen zelten und Abenteuer erleben, Ihr liebt das Wasser und k\u00f6nnt schwimmen? Dann ist Kanusport die ideale Bet\u00e4tigung f\u00fcr Euch. Paddeln kann man am\u2026 <a class=\"continue-reading-link\" href=\"https:\/\/www.kanu-coswig.de\/?page_id=36\">Weiterlesen<\/a><\/p>\n","protected":false},"author":1,"featured_media":0,"parent":0,"menu_order":0,"comment_status":"closed","ping_status":"closed","template":"","meta":{"footnotes":""},"class_list":["post-36","page","type-page","status-publish","hentry"],"yoast_head":"<!-- This site is optimized with the Yoast SEO plugin v21.8 - https:\/\/yoast.com\/wordpress\/plugins\/seo\/ -->\n<title>Nachwuchs - Coswiger Kanu-Verein e.V.<\/title>\n<meta name=\"robots\" content=\"index, follow, max-snippet:-1, max-image-preview:large, max-video-preview:-1\" \/>\n<link rel=\"canonical\" href=\"https:\/\/www.kanu-coswig.de\/?page_id=36\" \/>\n<meta property=\"og:locale\" content=\"de_DE\" \/>\n<meta property=\"og:type\" content=\"article\" \/>\n<meta property=\"og:title\" content=\"Nachwuchs - Coswiger Kanu-Verein e.V.\" \/>\n<meta property=\"og:description\" content=\"F\u00fcr unsere Slalom-Sportart suchen wir jederzeit Kinder und Jugendliche, die sich f\u00fcr den Wettkampfsport interessieren. Ihr m\u00f6gt den Aufenthalt in der Natur, Ihr wollt zusammen mit anderen zelten und Abenteuer erleben, Ihr liebt das Wasser und k\u00f6nnt schwimmen? Dann ist Kanusport die ideale Bet\u00e4tigung f\u00fcr Euch. Paddeln kann man am\u2026 Weiterlesen\" \/>\n<meta property=\"og:url\" content=\"https:\/\/www.kanu-coswig.de\/?page_id=36\" \/>\n<meta property=\"og:site_name\" content=\"Coswiger Kanu-Verein e.V.\" \/>\n<meta name=\"twitter:label1\" content=\"Gesch\u00e4tzte Lesezeit\" \/>\n\t<meta name=\"twitter:data1\" content=\"2\u00a0Minuten\" \/>\n<script type=\"application\/ld+json\" class=\"yoast-schema-graph\">{\"@context\":\"https:\/\/schema.org\",\"@graph\":[{\"@type\":\"WebPage\",\"@id\":\"https:\/\/www.kanu-coswig.de\/?page_id=36\",\"url\":\"https:\/\/www.kanu-coswig.de\/?page_id=36\",\"name\":\"Nachwuchs - Coswiger Kanu-Verein e.V.\",\"isPartOf\":{\"@id\":\"https:\/\/www.kanu-coswig.de\/#website\"},\"datePublished\":\"2014-02-10T15:21:17+00:00\",\"dateModified\":\"2014-02-10T15:21:17+00:00\",\"breadcrumb\":{\"@id\":\"https:\/\/www.kanu-coswig.de\/?page_id=36#breadcrumb\"},\"inLanguage\":\"de\",\"potentialAction\":[{\"@type\":\"ReadAction\",\"target\":[\"https:\/\/www.kanu-coswig.de\/?page_id=36\"]}]},{\"@type\":\"BreadcrumbList\",\"@id\":\"https:\/\/www.kanu-coswig.de\/?page_id=36#breadcrumb\",\"itemListElement\":[{\"@type\":\"ListItem\",\"position\":1,\"name\":\"Home\",\"item\":\"https:\/\/www.kanu-coswig.de\/\"},{\"@type\":\"ListItem\",\"position\":2,\"name\":\"Nachwuchs\"}]},{\"@type\":\"WebSite\",\"@id\":\"https:\/\/www.kanu-coswig.de\/#website\",\"url\":\"https:\/\/www.kanu-coswig.de\/\",\"name\":\"Coswiger Kanu-Verein e.V.\",\"description\":\"Zentrum f\u00fcr Kanusport, Kanutouristik und Freizeit in Sachsen\",\"potentialAction\":[{\"@type\":\"SearchAction\",\"target\":{\"@type\":\"EntryPoint\",\"urlTemplate\":\"https:\/\/www.kanu-coswig.de\/?s={search_term_string}\"},\"query-input\":\"required name=search_term_string\"}],\"inLanguage\":\"de\"}]}<\/script>\n<!-- \/ Yoast SEO plugin. -->","yoast_head_json":{"title":"Nachwuchs - Coswiger Kanu-Verein e.V.","robots":{"index":"index","follow":"follow","max-snippet":"max-snippet:-1","max-image-preview":"max-image-preview:large","max-video-preview":"max-video-preview:-1"},"canonical":"https:\/\/www.kanu-coswig.de\/?page_id=36","og_locale":"de_DE","og_type":"article","og_title":"Nachwuchs - Coswiger Kanu-Verein e.V.","og_description":"F\u00fcr unsere Slalom-Sportart suchen wir jederzeit Kinder und Jugendliche, die sich f\u00fcr den Wettkampfsport interessieren. Ihr m\u00f6gt den Aufenthalt in der Natur, Ihr wollt zusammen mit anderen zelten und Abenteuer erleben, Ihr liebt das Wasser und k\u00f6nnt schwimmen? Dann ist Kanusport die ideale Bet\u00e4tigung f\u00fcr Euch. Paddeln kann man am\u2026 Weiterlesen","og_url":"https:\/\/www.kanu-coswig.de\/?page_id=36","og_site_name":"Coswiger Kanu-Verein e.V.","twitter_misc":{"Gesch\u00e4tzte Lesezeit":"2\u00a0Minuten"},"schema":{"@context":"https:\/\/schema.org","@graph":[{"@type":"WebPage","@id":"https:\/\/www.kanu-coswig.de\/?page_id=36","url":"https:\/\/www.kanu-coswig.de\/?page_id=36","name":"Nachwuchs - Coswiger Kanu-Verein e.V.","isPartOf":{"@id":"https:\/\/www.kanu-coswig.de\/#website"},"datePublished":"2014-02-10T15:21:17+00:00","dateModified":"2014-02-10T15:21:17+00:00","breadcrumb":{"@id":"https:\/\/www.kanu-coswig.de\/?page_id=36#breadcrumb"},"inLanguage":"de","potentialAction":[{"@type":"ReadAction","target":["https:\/\/www.kanu-coswig.de\/?page_id=36"]}]},{"@type":"BreadcrumbList","@id":"https:\/\/www.kanu-coswig.de\/?page_id=36#breadcrumb","itemListElement":[{"@type":"ListItem","position":1,"name":"Home","item":"https:\/\/www.kanu-coswig.de\/"},{"@type":"ListItem","position":2,"name":"Nachwuchs"}]},{"@type":"WebSite","@id":"https:\/\/www.kanu-coswig.de\/#website","url":"https:\/\/www.kanu-coswig.de\/","name":"Coswiger Kanu-Verein e.V.","description":"Zentrum f\u00fcr Kanusport, Kanutouristik und Freizeit in Sachsen","potentialAction":[{"@type":"SearchAction","target":{"@type":"EntryPoint","urlTemplate":"https:\/\/www.kanu-coswig.de\/?s={search_term_string}"},"query-input":"required name=search_term_string"}],"inLanguage":"de"}]}},"_links":{"self":[{"href":"https:\/\/www.kanu-coswig.de\/index.php?rest_route=\/wp\/v2\/pages\/36","targetHints":{"allow":["GET"]}}],"collection":[{"href":"https:\/\/www.kanu-coswig.de\/index.php?rest_route=\/wp\/v2\/pages"}],"about":[{"href":"https:\/\/www.kanu-coswig.de\/index.php?rest_route=\/wp\/v2\/types\/page"}],"author":[{"embeddable":true,"href":"https:\/\/www.kanu-coswig.de\/index.php?rest_route=\/wp\/v2\/users\/1"}],"replies":[{"embeddable":true,"href":"https:\/\/www.kanu-coswig.de\/index.php?rest_route=%2Fwp%2Fv2%2Fcomments&post=36"}],"version-history":[{"count":0,"href":"https:\/\/www.kanu-coswig.de\/index.php?rest_route=\/wp\/v2\/pages\/36\/revisions"}],"wp:attachment":[{"href":"https:\/\/www.kanu-coswig.de\/index.php?rest_route=%2Fwp%2Fv2%2Fmedia&parent=36"}],"curies":[{"name":"wp","href":"https:\/\/api.w.org\/{rel}","templated":true}]}}