{"id":4,"date":"2014-02-07T16:42:05","date_gmt":"2014-02-07T15:42:05","guid":{"rendered":"http:\/\/127.0.0.1:85\/wordpress\/?page_id=4"},"modified":"2026-02-07T21:18:30","modified_gmt":"2026-02-07T20:18:30","slug":"chronik","status":"publish","type":"page","link":"https:\/\/www.kanu-coswig.de\/?page_id=4","title":{"rendered":"Chronik"},"content":{"rendered":"<p>Die wichtigsten Ereignisse der letzten 50 Jahre finden Sie hier chronologisch geordnet.<\/p>\n<p>&nbsp;<\/p>\n<p>2021 Corona<br \/>\nPE Wanderkajak \u201eEnduro 450\u201c angeschafft<br \/>\nNeugestaltung Kraftraum<\/p>\n<p>&nbsp;<\/p>\n<table width=\"640\">\n<tbody>\n<tr valign=\"top\">\n<td>1957<\/td>\n<td><b>G<\/b>r\u00fcndung der Sektion Kanu mit 12 Mitgliedern nach Renovierung des alten M\u00fchlenh\u00e4uschens (Naturdenkmal 1795) f\u00fcr 12 Bootspl\u00e4tze<\/td>\n<\/tr>\n<tr valign=\"top\">\n<td>1961<\/td>\n<td><b>B<\/b>eginn des Slalomsports mit 5 Sportfreunden.<br \/>\n<b>D<\/b>ie Betriebssportgemeinschaft (BSG) kauft 2 gebrauchte Faltbooteiner<br \/>\n<b>H<\/b>elfer bei der Weltmeisterschaft im Kanu-Slalom und Wildwasserrennen in Hainsberg<\/td>\n<\/tr>\n<tr valign=\"top\">\n<td>1962<\/td>\n<td><b>E<\/b>lektroenergieanschlu\u00df in freiwilligen Arbeitsstunden<\/td>\n<\/tr>\n<tr valign=\"top\">\n<td>1963<\/td>\n<td><b>B<\/b>eginn des Bootshausneubaus aus Restteilen einer alten Baracke, 15000 Abbruchziegeln und Tausenden VMI Stunden<\/td>\n<\/tr>\n<tr valign=\"top\">\n<td>1967<\/td>\n<td><b>E<\/b>inweihung des ersten Bootshauses mit 51 Bootspl\u00e4tzen, Sanit\u00e4rr\u00e4umen und Clubraum<br \/>\n<b>A<\/b>nschaffung des 1. Polyesterslalombootes<br \/>\n<b>A<\/b>nschlu\u00df an das Wassernetz<\/td>\n<\/tr>\n<tr valign=\"top\">\n<td>1968<\/td>\n<td><b>B<\/b>au eines Einachsbootsanh\u00e4ngers f\u00fcr 13 Boote<\/td>\n<\/tr>\n<tr valign=\"top\">\n<td>1968\/69<\/td>\n<td><b>E<\/b>igenbau von 10 Polyesterslalombooten<\/td>\n<\/tr>\n<tr valign=\"top\">\n<td>1971<\/td>\n<td><b>G<\/b>r\u00fcndung des Trainingszentrum Kanu-Slalom in Coswig<br \/>\n<b>D<\/b>elegierung von 9 Sportlern zur Kinder- und Jugendsportschule bzw. Sportclub bis zur Aufl\u00f6sung 1979<br \/>\n<b>A<\/b>ufbau einer station\u00e4ren Standardtrainingsanlage mit 17 Toren im Endausbau<\/td>\n<\/tr>\n<tr valign=\"top\">\n<td>1971-78<\/td>\n<td><b>w<\/b>esentliche Forcierung der Trainings- und Nachwuchsarbeit<\/td>\n<\/tr>\n<tr valign=\"top\">\n<td>1974<\/td>\n<td><b>B<\/b>au des 2 Achsbootsanh\u00e4ngers f\u00fcr 30 Boote<\/td>\n<\/tr>\n<tr valign=\"top\">\n<td>1976<\/td>\n<td><b>W<\/b>eiterer Kauf von Gel\u00e4nde um das Bootshaus, dadurch Erweiterung der Grundfl\u00e4che um ca. 1 ha<\/td>\n<\/tr>\n<tr valign=\"top\">\n<td>1977<\/td>\n<td><b>S<\/b>tra\u00dfenneubau vor dem Bootshaus zum Freibad Kiesgrube mit Einbindung der zweiten Einfahrt f\u00fcr einen Bootstransportanh\u00e4nger<\/td>\n<\/tr>\n<tr valign=\"top\">\n<td>1978<\/td>\n<td><b>A<\/b>bschlu\u00df der Projektunterlagen f\u00fcr eine neue Bootsaufbewahrungshalle und einem Sanit\u00e4trakt Das Gesamtprojekt kam wegen der TZ-Aufl\u00f6sung nicht zur Verwirklichung<\/td>\n<\/tr>\n<tr valign=\"top\">\n<td>1979<\/td>\n<td><b>K<\/b>auf von 6 St\u00fcck 4-Mann-Zelten<br \/>\n<b>B<\/b>au einer Au\u00dfenbeleuchtungsanlage mit 4 Leuchten und einer Flutlichtanlage f\u00fcr die Trainingsstrecke mit 8 Strahlern durch den Tr\u00e4gerbetrieb<\/td>\n<\/tr>\n<tr valign=\"top\">\n<td>1980<\/td>\n<td><b>B<\/b>au eines Bootstransportanh\u00e4ngers f\u00fcr Barkas B1000 als Zugfahrzeug<br \/>\n<b>V<\/b>erlegen neuen Fu\u00dfbodenbelags im Bootshaus durch Tr\u00e4gerbetrieb<\/td>\n<\/tr>\n<tr valign=\"top\">\n<td>1981<\/td>\n<td><b>N<\/b>eueindeckung des neuen Bootshauses mit Dachschindeln<br \/>\n<b>A<\/b>nmieten einer Scheune durch Tapetenfabrik Coswig<\/td>\n<\/tr>\n<tr valign=\"top\">\n<td>1982<\/td>\n<td><b>n<\/b>eue Bestuhlung f\u00fcr Bootshaus anl\u00e4\u00dflich des 25 j\u00e4hrigen Bestehens der Sektion<\/td>\n<\/tr>\n<tr valign=\"top\">\n<td>1983<\/td>\n<td><b>w<\/b>ird das Bootshaus innen und au\u00dfen malerm\u00e4\u00dfig vorgerichtet durch Tapetenfabrik<br \/>\n<b>a<\/b>b 1983 erfolgt in den Ferien der Einsatz von Kanuten in freiwilliger bezahlter T\u00e4tigkeit; Die Einstellung erfolgt \u00fcber das Zellstoffwerk. Dadurch ist die planm\u00e4\u00dfige Instandhaltung im Rahmen unserer Fertigkeiten m\u00f6glich<\/td>\n<\/tr>\n<tr valign=\"top\">\n<td>1984<\/td>\n<td><b>B<\/b>eginn des Neuaufbaus des alten Bootshauses. Errichtung eines neuen Dachstuhles und Anheben desselben um 30 cm Anschaffung einer Raumzelle als Werkstatt und Bootskleberaum<br \/>\n<b>A<\/b>b 1984 Durchf\u00fchrung sportartspezifischer Ferienlager f\u00fcr 3. und 4. Klassen<br \/>\n<b>E<\/b>rrichten eines Zaunes um das gesamte Bootshausgel\u00e4nde<\/td>\n<\/tr>\n<tr valign=\"top\">\n<td>1985<\/td>\n<td><b>B<\/b>eendigung des Neubaus des alten Bootshauses<br \/>\n<b>E<\/b>rgebnis: wieder vollwertige Nutzung f\u00fcr Bootsaufbewahrung und Trainingsger\u00e4te \/ Schaffung eines Umkleideraumes auf dem Dachboden<\/td>\n<\/tr>\n<tr valign=\"top\">\n<td>1986<\/td>\n<td><b>E<\/b>rneuerung des Au\u00dfenanstriches an allen Geb\u00e4uden des Komplexes<br \/>\n<b>A<\/b>nschlu\u00df an das \u00f6ffentliche Telefonnetz nach 8 Jahren Kampf<br \/>\n<b>B<\/b>au der Zuleitung in Eigenrealisierung<\/td>\n<\/tr>\n<tr valign=\"top\">\n<td>1987<\/td>\n<td><b>E<\/b>rwerb eines 4. Bootsanh\u00e4nger f\u00fcr Kleinbus B1000<br \/>\n<b>D<\/b>er bisherige H\u00e4nger wird auf Robur-Zugfahrzeug umgebaut<br \/>\n<b>B<\/b>etonierung der Terrasse<\/td>\n<\/tr>\n<tr valign=\"top\">\n<td>1988<\/td>\n<td><b>B<\/b>isheriger H\u00f6chststand von Sportlern im Kinderbereich, es gibt die Trainingsgruppen 1,2,3,4 und CI<br \/>\n<b>A<\/b>b 01.09.88 wird ein Bootshauswart vom Tr\u00e4gerbetrieb Zellstoffwerk eingestellt<br \/>\n<b>V<\/b>om Rat des Kreises 10.000,00 Mark F\u00f6rdergelder zur Instandhaltung des Bootshauses<br \/>\n<b>I<\/b>m Oktober 13.000 Mark vom Zellstoffwerk \u00fcbergeben<br \/>\n<b>F<\/b>reundschaftsvertrag mit dem tschechischen Kanuverein TJ Kaucuk Kralupy<\/td>\n<\/tr>\n<tr valign=\"top\">\n<td>1989<\/td>\n<td><b>K<\/b>auf einer zweiten Raumzelle<\/td>\n<\/tr>\n<tr valign=\"top\">\n<td>1990<\/td>\n<td><b>\u00dc<\/b>berdachung der Raumzellen und dadurch Erhalt von 2 Garagen<br \/>\n<b>14<\/b>.06.1990 Gr\u00fcndung des Coswiger Kanu-Vereins e. V.<br \/>\n<b>14<\/b>.06.1990 Bootshausbrand<br \/>\n<b>01<\/b>.07.1990 Stillegung Zellstoffwerk<br \/>\n<b>J<\/b>uli 1990 \u00dcbergabe Bootshaus einschlie\u00dflich Versicherung an den Verein<br \/>\n<b>N<\/b>ov. 1990 Entsorgung der Bootshausreste<\/td>\n<\/tr>\n<tr valign=\"top\">\n<td>1991<\/td>\n<td><b>\u00dc<\/b>bernahme eines Kleinbus B1000 aus Armeebest\u00e4nden<\/td>\n<\/tr>\n<tr valign=\"top\">\n<td>1992<\/td>\n<td><b>A<\/b>pril 1. Spatenstich f. Wiederaufbau<br \/>\n<b>N<\/b>ovember Richtfest<\/td>\n<\/tr>\n<tr valign=\"top\">\n<td>1993<\/td>\n<td><b>K<\/b>omplikationen beim Weiterbau durch fehlendes Geld, bereits Nutzung der Bootshalle<\/td>\n<\/tr>\n<tr valign=\"top\">\n<td>1994<\/td>\n<td><b>100<\/b> TDM durch Dresdner Hochland Wohnbau GmbH gespendet f\u00fcr Bau<br \/>\n<b>N<\/b>ovember Einweihung der neuen Sanit\u00e4ranlagen<\/td>\n<\/tr>\n<tr valign=\"top\">\n<td>1995<\/td>\n<td><b>E<\/b>inweihung des Bootshausneubaus am 25. Mai<br \/>\n<b>G<\/b>arage f\u00fcr Bootsanh\u00e4nger fertiggestellt (Sponsoring mit der Fa. Vetter)<\/td>\n<\/tr>\n<tr valign=\"top\">\n<td>1996<\/td>\n<td><b>V<\/b>erkauf der beiden B1000 Busse und Kauf eines VW-Busses<br \/>\n<b>E<\/b>inweihung der Freiluftsanit\u00e4ranlage<br \/>\n<b>S<\/b>ommerlager in den Alpen<br \/>\n<b>U<\/b>mweltpreis des Landes Sportbundes Sachsen<\/td>\n<\/tr>\n<tr valign=\"top\">\n<td>1997<\/td>\n<td><b>R<\/b>adweg wird fertig gestellt<br \/>\n<b>S<\/b>ommerlager in \u00d6sterreich<br \/>\n<b>40.<\/b> j\u00e4hriges Jubil\u00e4um<br \/>\n<b>E<\/b>rbpachtvertrag in Vorbereitung<\/td>\n<\/tr>\n<tr valign=\"top\">\n<td>1998<\/td>\n<td><b>D<\/b>urchf\u00fchrung der Landesmeisterschaften im Rabenauer Grund<br \/>\n<b>S<\/b>ponsorenvertrag mit Fa. Kluge Dresden<\/td>\n<\/tr>\n<tr valign=\"top\">\n<td>1999<\/td>\n<td><b>B<\/b>e- und Entl\u00fcftung in Sanit\u00e4rr\u00e4umen<br \/>\n<b>N<\/b>euer Bootstransportanh\u00e4nger<br \/>\n<b>A<\/b>bschlu\u00df des Erbpachtvertrages mit der Stadtverwaltung Coswig<br \/>\n<b>E<\/b>rneuerung des Sponsorenvertrages mit der ECO Coswig und der Fa. Kluge Dresden<br \/>\n<b>F<\/b>ahrzeugbereitstellung durch die Fa. Lauber Coswig<\/td>\n<\/tr>\n<tr valign=\"top\">\n<td>2000<\/td>\n<td><b>E<\/b>rneuerung des Pflasters auf dem Bootsplatz<br \/>\n<b>I<\/b>nstallation eines Trapezblechdaches auf dem neuen Bootshausgeb\u00e4ude<br \/>\n<b>L<\/b>andesmeisterschaft in Hainsberg ausgerichtet, 2 Titel f\u00fcr Coswig<br \/>\n<b>D<\/b>eutscher Meister: Toni Heinel in der Mannschaft 3xK1<br \/>\n<b>B<\/b>ootswaschplatz und Au\u00dfengel\u00e4nde neu gestaltet<br \/>\n<b>A<\/b>nschaffung Rasenm\u00e4her und Motorsense \u00fcber Fa. Kluge<\/td>\n<\/tr>\n<tr valign=\"top\">\n<td>2001<\/td>\n<td><b>A<\/b>pril: Neuwahl Vorstand in der Mitgliederversammlung, Vorsitzender: St. Pickhardt; Wolfgang Thon wird Ehrenmitgliedschaft verliehen (erstmalig)<br \/>\n<b>D<\/b>urchf\u00fchrung der Landesmeisterschaften im Rabenauer Grund<br \/>\n<b>S<\/b>ommerfahrt in die Slowakei<br \/>\n<b>D<\/b>eutsche Jugend- und Juniorenmeisterschaft in Augsburg: 3. Platz Toni Heinel im K1 Junioren<br \/>\n<b>B<\/b>au eines neuen Zaunes zur Er\u00f6hung der Sicherheit am 10.\/11.11.<\/td>\n<\/tr>\n<tr valign=\"top\">\n<td>2002<\/td>\n<td><b>L<\/b>andesmeisterschaften Zwickau: Pokales f\u00fcr den besten Verein im Kinderbereich<br \/>\n<b>P<\/b>flasterung des Weges zum Bootssteg durch ABS im Juni<br \/>\n<b>B<\/b>eschichtung Fu\u00dfboden in Bootshalle<br \/>\n<b>S<\/b>ommerfahrt nach Slowenien\/Wildalpen<br \/>\n<b>E<\/b>inbau von 3 Rolltoren mit Elektroantrieb f\u00fcr Bootshalle<br \/>\n<b>17.8.<\/b> Hochwasser, H\u00f6chststand 9,40 m Dresdner Pegel<br \/>\n<b>E<\/b>rneuerung des durch das Hochwasser zerst\u00f6rten Pflaster im Hof<br \/>\n<b>W<\/b>iederinbetriebnahme des durch das Hochwasser zerst\u00f6rten Fitnessraumes<br \/>\n<b>A<\/b>nschaffung des Paddelsimulationsger\u00e4tes &#8222;PADDELLITE&#8220;<\/td>\n<\/tr>\n<tr valign=\"top\">\n<td>2003<\/td>\n<td><b>W<\/b>interfahrt in die Alpen<br \/>\n<b>W<\/b>iederherstellung Sanit\u00e4ranlagen+Sauna \/ W\u00e4rmed\u00e4mmputz<br \/>\n<b>E<\/b>rneuerung der Beschichtung des Fu\u00dfbodens in Bootshalle &#8211; Abschlu\u00df Hochwassersch\u00e4den<br \/>\n<b>S<\/b>ommerfahrt in die Schweiz<br \/>\n<b>A<\/b>nschaffung einer Hochwasserschutzwand f\u00fcr das neue Bootshaus + Fundamentbau + Funktionsprobe<br \/>\n<b>A<\/b>usrichtung der S\u00e4chsischen Landesmeisterschaft f\u00fcr Kinder (13.09. R\u00f6dern)<br \/>\n<b>E<\/b>rsetzung von Sportger\u00e4ten im Fitnessraum, die durch Hochwasser besch\u00e4digt wurden<\/td>\n<\/tr>\n<tr valign=\"top\">\n<td>2004<\/td>\n<td><b>W<\/b>interlager \u00d6sterreich<br \/>\n<b>V<\/b>erkauf des 2-Achs Bootsanh\u00e4ngers<br \/>\n<b>K<\/b>auf eines neuen Vereinsbusses (gebraucht); Verkauf des Vorigen<br \/>\n<b>B<\/b>est\u00e4tigung als Talentst\u00fctzpunkt des SKV zum 10. Mal<br \/>\n<b>N<\/b>eubau Trinkwasseranschlussleitung (PE)<br \/>\n<b>E<\/b>rsatz der Holztreppe an der Elbb\u00f6schung durch eine Betontreppe<\/td>\n<\/tr>\n<tr valign=\"top\">\n<td>2005<\/td>\n<td><b>W<\/b>interlager \u00d6sterreich<br \/>\n<b>A<\/b>uszeichnung mit dem Hope-Talentiade-Preis zur S\u00e4chsischen Sportlergala<br \/>\n<b>N<\/b>eue Treppe im alten Bootshaus<\/td>\n<\/tr>\n<tr valign=\"top\">\n<td>2006<\/td>\n<td><b>E<\/b>lbehochwasser am 3.April &#8211; mit 7,48 m Pegel Dresden, der Einsatz der Hochwasserschutzwand verhinderte gr\u00f6\u00dfere Sch\u00e4den<br \/>\n<b>B<\/b>auma\u00dfnahmen1: Einbau Beton-Fu\u00dfboden im Hochwasserwand-Unterstellraum; Pflastern Bootsh\u00e4nger-Unterstellung und Vorplatz; neuer Mast f\u00fcr Seilstrecke auf der Insel<br \/>\n<b>1.<\/b>Kanutag am Bootshaus<br \/>\n<b>B<\/b>auma\u00dfnahmen2: Reko Terasse durch Einbau von 10 m\u00b3 Beton mit Bewehrung; hochwassersichere Installation des Elt-Anschlusses und der Verteilung im alten Bootshaus<br \/>\n<b>V<\/b>orrichten und Fu\u00dfbodenerneuerung Clubraum, Jugendzimmer und Vorstandszimmer<\/td>\n<\/tr>\n<tr valign=\"top\">\n<td>2007<\/td>\n<td><b>M<\/b>ontage Gel\u00e4nder Terasse<br \/>\n<b>E<\/b>inweihung Kanu-Park Markkleeberg und damit Beginn des regelm\u00e4\u00dfigen Trainings f\u00fcr unsere Kadersportler<br \/>\n<b>F<\/b>eierlichkeiten &#8222;50 Jahre Kanu in Coswig&#8220;<\/td>\n<\/tr>\n<tr valign=\"top\">\n<td>2008<\/td>\n<td><b>K<\/b>auf neuer Wanderboote (K1, K2, C4)<br \/>\n<b>B<\/b>au eines Kunstrasenspielfeldes<\/td>\n<\/tr>\n<tr valign=\"top\">\n<td>2010<\/td>\n<td><b>E<\/b>rfolge bei den Deutschen Sch\u00fclermeisterschaften in Neuss<br \/>\n&#8211; 1.Platz weibliche Sch\u00fcler C K1: Nele Bayn<br \/>\n&#8211; 3.Platz m\u00e4nnliche Sch\u00fcler B C2: Lukas M\u00fcnch\/Ruben Gulitz<br \/>\n&#8211; 3.Platz m\u00e4nnliche Sch\u00fcler 3xC2: L.Bayn\/T.Bayn &#8211; R.Rabe\/Nagel &#8211; M\u00fcnch\/Gulitz<br \/>\n<b>N<\/b>eueindeckung Dach altes Bootshaus<\/td>\n<\/tr>\n<tr valign=\"top\">\n<td>2012<\/td>\n<td><b>K<\/b>auf eines neuen 1-Achs-Bootsh\u00e4ngers bei Fahrzeugbau Schwerdtner, G\u00f6rlitz; Verschrottung des alten STEMA-Anh\u00e4ngers<br \/>\n<b>E<\/b>rneuerung Dacheindeckung neues Bootshaus (Ostseite) mit Schiefer<\/td>\n<\/tr>\n<tr valign=\"top\">\n<td>2013<\/td>\n<td><b>F<\/b>ertigstellung Schiefereindeckung neues Bootshaus (Giebel und Westseite)<br \/>\n<b>H<\/b>\u00f6chststand des Elbehochwasser mit 878cm Pegel Dresden (06.06.2013)<\/td>\n<\/tr>\n<tr valign=\"top\">\n<td>2014<\/td>\n<td><b>S<\/b>chnuppertag am 10.05.2014 Dank intensiver Werbung konnten 15 Kinder im Verein aufgenommen werden<br \/>\n<b>A<\/b>bschluss der Hochwasserschadensbeseitigung mit Erneuerung der Fassade am 11.11.2014. Der Gesamtschaden von 90 T\u20ac konnte aus der Zuwendung des Freistaates und Spenden finanziert werden.<\/td>\n<\/tr>\n<tr valign=\"top\">\n<td>2017<\/td>\n<td><b>K<\/b>auf eines neuen Vereinsbusses VW T6<br \/>\n<b>E<\/b>tappenort der 23. Internationalen Elbefahrt (11.\/12.06)<br \/>\n<strong>J<\/strong>ubil\u00e4umsfeier 60 Jahre Coswiger Kanu-Verein (12.08.)<\/td>\n<\/tr>\n<tr valign=\"top\">\n<td>2018<\/td>\n<td><b>F<\/b>elix Sachers belegt im Rennen der Sch\u00fcler B C1 den 2. Platz bei den Deutschen Sch\u00fclermeisterschaften<br \/>\n<b>A<\/b>nschluss ans \u00f6ffentliche Erdgasnetz + neuer Elektro-Hausanschluss<br \/>\n<strong>E<\/strong>rneuerung Heizungs- und Warmwasseranlage sowie Duschen<\/td>\n<\/tr>\n<tr valign=\"top\">\n<td>2019<\/td>\n<td><b>N<\/b>euer Vereinsvorsitzender Moritz Nagel<br \/>\n<b>2<\/b>5. Intern.Elbefahrt \u2013 Station Coswig ausgestaltet<\/td>\n<\/tr>\n<tr valign=\"top\">\n<td>2020<\/td>\n<td><strong>1.<\/strong> Platz Dt.Sch\u00fclermeisterschaft Jungen B K1Sachs, Feivel<br \/>\n<strong>3.<\/strong> Platz Dt.Sch\u00fclermeisterschaft Jungen A C1 Sachers, Felix<br \/>\n<strong>4.<\/strong> Platz Wanderfahrerwettbewerb des SKV<\/td>\n<\/tr>\n<tr>\n<td><strong>2021<\/strong><\/td>\n<td><strong>P<\/strong>E Wanderkajak \u201eEnduro 450\u201c angeschafft<br \/>\n<strong>N<\/strong>eugestaltung Kraftraum<\/td>\n<\/tr>\n<tr>\n<td><strong>2022<\/strong><\/td>\n<td><strong>G<\/strong>ro\u00dfe Pappel am Sanit\u00e4rtrakt gef\u00e4llt und Stahlmast einbetoniert<br \/>\n<strong>2<\/strong>6. Internationale Elbefahrt \u2013 Station Coswig ausgestaltet<br \/>\n<strong>2.<\/strong> Platz Deutsche Sch\u00fclermeisterschaft Jungen A, C2 \u2013 Lewetzky\/Wittig<br \/>\n<strong>3.<\/strong> Platz Deutsche Jugendmeisterschaft U16, K1 \u2013 Sachers, Felix<\/td>\n<\/tr>\n<tr>\n<td><strong>2023<\/strong><\/td>\n<td><strong>F<\/strong>arbanstrich Flutlicht- und Beleuchtungsmasten<br \/>\n<strong>E<\/strong>lektro-\u00dcberpr\u00fcfung und Umstellung auf LED<br \/>\n<strong>N<\/strong>euer K\u00fcchenherd<br \/>\n<strong>C<\/strong>KV-Wanderpaddler-Chat erstellt<br \/>\n<strong>S<\/strong>auna erneuert (Ofen und Steuerung)<br \/>\n<strong>K<\/strong>raftraum mit neuen Ger\u00e4ten ausgestattet<br \/>\n<strong>3.<\/strong> Platz Juniorenmeisterschaft 3xK1 \u2013 Sachers, Felix<br \/>\n<strong>2.<\/strong> Platz Wanderfahrerwettbewerb des SKV<\/td>\n<\/tr>\n<tr>\n<td><strong>2024<\/strong><\/td>\n<td><strong>E<\/strong>lektro-Verteilerkasten f\u00fcr Camping auf der Wiese<br \/>\n<strong>2<\/strong>x Seilstrecke erneuert (Hochwasser-Pappelschaden)<br \/>\n<strong>N<\/strong>euer Geschirrsp\u00fcler<br \/>\n<strong>W<\/strong>anderpaddlertreff eingef\u00fchrt<br \/>\n<strong>3.<\/strong> Platz Deutsche Sch\u00fclermeisterschaft K1 \u2013 Heineck, Henry<br \/>\n<strong>1.<\/strong> Platz Deutsche Juniorenmeisterschaft U18, C1 \u2013 Sachers, Felix<br \/>\n<strong>2.<\/strong> Platz Junioren-WM 3xC1 \u2013 Sachers, Felix<br \/>\n<strong>3.<\/strong> Platz Wanderfahrerwettbewerb des SKV<br \/>\n<strong>K<\/strong>\u00fchnisch, Heinz \u2013 Globusabzeichen (49.534 km)<\/td>\n<\/tr>\n<tr>\n<td><strong>2025<\/strong><\/td>\n<td><strong>2.<\/strong> Bus angeschafft<br \/>\n<strong>G<\/strong>ro\u00dfe Entr\u00fcmpelung f\u00fcr 2. neuen Bus (Regal ins alte Bootshaus)<br \/>\n<strong>N<\/strong>euer Bootsh\u00e4nger vom SKV (Leihgabe)<br \/>\n<strong>C<\/strong>KV wird Landesst\u00fctzpunkt Kanu-Slalom<br \/>\n<strong>N<\/strong>euer Rasentraktor<br \/>\n<strong>A<\/strong>usrichtung Deutschlandcup in Veltrusy<br \/>\n<strong>N<\/strong>euer Stahlmast einbetoniert (neben Nu\u00dfbaum)<br \/>\n<strong>1.<\/strong> Platz EM U23 im Kanu-Cross \u2013 Sachers, Felix<br \/>\n<strong>U<\/strong>mbau Clubraum und K\u00fcche<\/td>\n<\/tr>\n<\/tbody>\n<\/table>\n<p>&nbsp;<\/p>\n","protected":false},"excerpt":{"rendered":"<p>Die wichtigsten Ereignisse der letzten 50 Jahre finden Sie hier chronologisch geordnet. &nbsp; 2021 Corona PE Wanderkajak \u201eEnduro 450\u201c angeschafft Neugestaltung Kraftraum &nbsp; 1957 Gr\u00fcndung der Sektion Kanu mit 12 Mitgliedern nach Renovierung des alten M\u00fchlenh\u00e4uschens (Naturdenkmal 1795) f\u00fcr 12 Bootspl\u00e4tze 1961 Beginn des Slalomsports mit 5 Sportfreunden. Die Betriebssportgemeinschaft\u2026 <a class=\"continue-reading-link\" href=\"https:\/\/www.kanu-coswig.de\/?page_id=4\">Weiterlesen<\/a><\/p>\n","protected":false},"author":1,"featured_media":0,"parent":0,"menu_order":0,"comment_status":"closed","ping_status":"closed","template":"","meta":{"footnotes":""},"class_list":["post-4","page","type-page","status-publish","hentry"],"yoast_head":"<!-- This site is optimized with the Yoast SEO plugin v21.8 - https:\/\/yoast.com\/wordpress\/plugins\/seo\/ -->\n<title>Chronik - Coswiger Kanu-Verein e.V.<\/title>\n<meta name=\"robots\" content=\"index, follow, max-snippet:-1, max-image-preview:large, max-video-preview:-1\" \/>\n<link rel=\"canonical\" href=\"https:\/\/www.kanu-coswig.de\/?page_id=4\" \/>\n<meta property=\"og:locale\" content=\"de_DE\" \/>\n<meta property=\"og:type\" content=\"article\" \/>\n<meta property=\"og:title\" content=\"Chronik - Coswiger Kanu-Verein e.V.\" \/>\n<meta property=\"og:description\" content=\"Die wichtigsten Ereignisse der letzten 50 Jahre finden Sie hier chronologisch geordnet. &nbsp; 2021 Corona PE Wanderkajak \u201eEnduro 450\u201c angeschafft Neugestaltung Kraftraum &nbsp; 1957 Gr\u00fcndung der Sektion Kanu mit 12 Mitgliedern nach Renovierung des alten M\u00fchlenh\u00e4uschens (Naturdenkmal 1795) f\u00fcr 12 Bootspl\u00e4tze 1961 Beginn des Slalomsports mit 5 Sportfreunden. Die Betriebssportgemeinschaft\u2026 Weiterlesen\" \/>\n<meta property=\"og:url\" content=\"https:\/\/www.kanu-coswig.de\/?page_id=4\" \/>\n<meta property=\"og:site_name\" content=\"Coswiger Kanu-Verein e.V.\" \/>\n<meta property=\"article:modified_time\" content=\"2026-02-07T20:18:30+00:00\" \/>\n<meta name=\"twitter:label1\" content=\"Gesch\u00e4tzte Lesezeit\" \/>\n\t<meta name=\"twitter:data1\" content=\"9\u00a0Minuten\" \/>\n<script type=\"application\/ld+json\" class=\"yoast-schema-graph\">{\"@context\":\"https:\/\/schema.org\",\"@graph\":[{\"@type\":\"WebPage\",\"@id\":\"https:\/\/www.kanu-coswig.de\/?page_id=4\",\"url\":\"https:\/\/www.kanu-coswig.de\/?page_id=4\",\"name\":\"Chronik - Coswiger Kanu-Verein e.V.\",\"isPartOf\":{\"@id\":\"https:\/\/www.kanu-coswig.de\/#website\"},\"datePublished\":\"2014-02-07T15:42:05+00:00\",\"dateModified\":\"2026-02-07T20:18:30+00:00\",\"breadcrumb\":{\"@id\":\"https:\/\/www.kanu-coswig.de\/?page_id=4#breadcrumb\"},\"inLanguage\":\"de\",\"potentialAction\":[{\"@type\":\"ReadAction\",\"target\":[\"https:\/\/www.kanu-coswig.de\/?page_id=4\"]}]},{\"@type\":\"BreadcrumbList\",\"@id\":\"https:\/\/www.kanu-coswig.de\/?page_id=4#breadcrumb\",\"itemListElement\":[{\"@type\":\"ListItem\",\"position\":1,\"name\":\"Home\",\"item\":\"https:\/\/www.kanu-coswig.de\/\"},{\"@type\":\"ListItem\",\"position\":2,\"name\":\"Chronik\"}]},{\"@type\":\"WebSite\",\"@id\":\"https:\/\/www.kanu-coswig.de\/#website\",\"url\":\"https:\/\/www.kanu-coswig.de\/\",\"name\":\"Coswiger Kanu-Verein e.V.\",\"description\":\"Zentrum f\u00fcr Kanusport, Kanutouristik und Freizeit in Sachsen\",\"potentialAction\":[{\"@type\":\"SearchAction\",\"target\":{\"@type\":\"EntryPoint\",\"urlTemplate\":\"https:\/\/www.kanu-coswig.de\/?s={search_term_string}\"},\"query-input\":\"required name=search_term_string\"}],\"inLanguage\":\"de\"}]}<\/script>\n<!-- \/ Yoast SEO plugin. -->","yoast_head_json":{"title":"Chronik - Coswiger Kanu-Verein e.V.","robots":{"index":"index","follow":"follow","max-snippet":"max-snippet:-1","max-image-preview":"max-image-preview:large","max-video-preview":"max-video-preview:-1"},"canonical":"https:\/\/www.kanu-coswig.de\/?page_id=4","og_locale":"de_DE","og_type":"article","og_title":"Chronik - Coswiger Kanu-Verein e.V.","og_description":"Die wichtigsten Ereignisse der letzten 50 Jahre finden Sie hier chronologisch geordnet. &nbsp; 2021 Corona PE Wanderkajak \u201eEnduro 450\u201c angeschafft Neugestaltung Kraftraum &nbsp; 1957 Gr\u00fcndung der Sektion Kanu mit 12 Mitgliedern nach Renovierung des alten M\u00fchlenh\u00e4uschens (Naturdenkmal 1795) f\u00fcr 12 Bootspl\u00e4tze 1961 Beginn des Slalomsports mit 5 Sportfreunden. Die Betriebssportgemeinschaft\u2026 Weiterlesen","og_url":"https:\/\/www.kanu-coswig.de\/?page_id=4","og_site_name":"Coswiger Kanu-Verein e.V.","article_modified_time":"2026-02-07T20:18:30+00:00","twitter_misc":{"Gesch\u00e4tzte Lesezeit":"9\u00a0Minuten"},"schema":{"@context":"https:\/\/schema.org","@graph":[{"@type":"WebPage","@id":"https:\/\/www.kanu-coswig.de\/?page_id=4","url":"https:\/\/www.kanu-coswig.de\/?page_id=4","name":"Chronik - Coswiger Kanu-Verein e.V.","isPartOf":{"@id":"https:\/\/www.kanu-coswig.de\/#website"},"datePublished":"2014-02-07T15:42:05+00:00","dateModified":"2026-02-07T20:18:30+00:00","breadcrumb":{"@id":"https:\/\/www.kanu-coswig.de\/?page_id=4#breadcrumb"},"inLanguage":"de","potentialAction":[{"@type":"ReadAction","target":["https:\/\/www.kanu-coswig.de\/?page_id=4"]}]},{"@type":"BreadcrumbList","@id":"https:\/\/www.kanu-coswig.de\/?page_id=4#breadcrumb","itemListElement":[{"@type":"ListItem","position":1,"name":"Home","item":"https:\/\/www.kanu-coswig.de\/"},{"@type":"ListItem","position":2,"name":"Chronik"}]},{"@type":"WebSite","@id":"https:\/\/www.kanu-coswig.de\/#website","url":"https:\/\/www.kanu-coswig.de\/","name":"Coswiger Kanu-Verein e.V.","description":"Zentrum f\u00fcr Kanusport, Kanutouristik und Freizeit in Sachsen","potentialAction":[{"@type":"SearchAction","target":{"@type":"EntryPoint","urlTemplate":"https:\/\/www.kanu-coswig.de\/?s={search_term_string}"},"query-input":"required name=search_term_string"}],"inLanguage":"de"}]}},"_links":{"self":[{"href":"https:\/\/www.kanu-coswig.de\/index.php?rest_route=\/wp\/v2\/pages\/4","targetHints":{"allow":["GET"]}}],"collection":[{"href":"https:\/\/www.kanu-coswig.de\/index.php?rest_route=\/wp\/v2\/pages"}],"about":[{"href":"https:\/\/www.kanu-coswig.de\/index.php?rest_route=\/wp\/v2\/types\/page"}],"author":[{"embeddable":true,"href":"https:\/\/www.kanu-coswig.de\/index.php?rest_route=\/wp\/v2\/users\/1"}],"replies":[{"embeddable":true,"href":"https:\/\/www.kanu-coswig.de\/index.php?rest_route=%2Fwp%2Fv2%2Fcomments&post=4"}],"version-history":[{"count":8,"href":"https:\/\/www.kanu-coswig.de\/index.php?rest_route=\/wp\/v2\/pages\/4\/revisions"}],"predecessor-version":[{"id":1785,"href":"https:\/\/www.kanu-coswig.de\/index.php?rest_route=\/wp\/v2\/pages\/4\/revisions\/1785"}],"wp:attachment":[{"href":"https:\/\/www.kanu-coswig.de\/index.php?rest_route=%2Fwp%2Fv2%2Fmedia&parent=4"}],"curies":[{"name":"wp","href":"https:\/\/api.w.org\/{rel}","templated":true}]}}