{"id":55,"date":"2014-02-10T23:48:46","date_gmt":"2014-02-10T21:48:46","guid":{"rendered":"http:\/\/localhost:85\/wordpress\/?page_id=55"},"modified":"2014-04-07T23:36:57","modified_gmt":"2014-04-07T22:36:57","slug":"m-kanuslalom","status":"publish","type":"page","link":"https:\/\/www.kanu-coswig.de\/?page_id=55","title":{"rendered":"Kanu-Slalom"},"content":{"rendered":"<p>Kanu-Slalom ist eine Disziplin des Kanusports, welche als Wettkampfsportart (bevorzugt im Wildwasser) ausgetragen wird. Das Reglement wird durch die Wettkampfbestimmungsordnung vertreten.<\/p>\n<p>Die Wettkampfstrecke betr\u00e4gt zwischen 200 und 450 Meter und sollte eine Mindesttiefe von 40cm haben sowie einer Durchflussgeschwindigkeit von 2m pro Sekunde aufweisen. Neben echten Wildwasserstrecken gibt es auch Naturstrecken und Wildwasserkan\u00e4le, in denen die Sportart ihre Austragung findet. Auf der Strecke gibt es zwischen 18 und 25 Slalom-Tore, wobei mindestens sechs davon (rot-wei\u00dfe Stangen) entgegen der Flussrichting zu passieren sind und die anderen (gr\u00fcn-wei\u00dfe Stangen) mit der Str\u00f6mung gefahren werden. Zus\u00e4tzliche (nat\u00fcrlich oder auch k\u00fcnstliche) Hindernisse erschweren den Parcour durch Str\u00f6mungslinien und Wasserverwirbelung und verlangen vom Sportler technisches K\u00f6nnen und Ausdauer ab. Ziel des Wettk\u00e4mpfers ist es, den Parcour auf schnellstem Wege zu passieren, allerdinks werden Strafsekunden bei Torber\u00fchrung bzw. Falschbefahrung oder Torauslassungen auf die Fahrzeit aufgeschlagen.<\/p>\n<p>Die Bootsklassen im Kanu-Slalom sind<\/p>\n<ul>\n<li>Einer-Kajak (K1) &#8230; sitzend mit einem Doppelpaddel<\/li>\n<li>Einer-Canadier (C1) &#8230; kniend mit Stechpaddel<\/li>\n<li>Zweier-Canadier (C2) &#8230; kniend mit Stechpaddel<\/li>\n<\/ul>\n<p>Alle Bootsklassen werden von Damen und Herren bestritten, in der Regel jedoch in Altersklassen (Sch\u00fcler, Jugend, Junioren, Herren\/Damen, Senior) getrennt gewertet. In einem Wettkampf werden Einzelrennen der Bootsklassen sowie Mannschaftsrennen gefahren.<\/p>\n<p>Slalom-Kan\u00e4le in Deutschland gibt es in<\/p>\n<ul>\n<li>Augsburg (Eiskanal) und<\/li>\n<li>Leipzig Markkleeberg (Kanupark-Markkleeberg)<\/li>\n<\/ul>\n<p>&nbsp;<\/p>\n<p>Kanu-Slalom ist eine Olympische Sportart. Meisterschaften werden auf internationaler, europ\u00e4ischer, nationaler und Bundesland-Ebene ausgetragen.<\/p>\n<div id=\"attachment_352\" style=\"width: 310px\" class=\"wp-caption aligncenter\"><a href=\"https:\/\/www.kanu-coswig.de\/wp-content\/uploads\/2014\/03\/slalom-green-350.jpg\"><img loading=\"lazy\" decoding=\"async\" aria-describedby=\"caption-attachment-352\" class=\"size-medium wp-image-352 \" alt=\"slalom-green-350\" src=\"https:\/\/www.kanu-coswig.de\/wp-content\/uploads\/2014\/03\/slalom-green-350-300x300.jpg\" width=\"300\" height=\"300\" srcset=\"https:\/\/www.kanu-coswig.de\/wp-content\/uploads\/2014\/03\/slalom-green-350-300x300.jpg 300w, https:\/\/www.kanu-coswig.de\/wp-content\/uploads\/2014\/03\/slalom-green-350-150x150.jpg 150w, https:\/\/www.kanu-coswig.de\/wp-content\/uploads\/2014\/03\/slalom-green-350.jpg 350w\" sizes=\"auto, (max-width: 300px) 100vw, 300px\" \/><\/a><p id=\"caption-attachment-352\" class=\"wp-caption-text\">Gr\u00fcnes Tor&#8230;Mit der Str\u00f6mung des Flusses<\/p><\/div>\n<div id=\"attachment_353\" style=\"width: 310px\" class=\"wp-caption aligncenter\"><a href=\"https:\/\/www.kanu-coswig.de\/wp-content\/uploads\/2014\/03\/slalom-rot-350.jpg\"><img loading=\"lazy\" decoding=\"async\" aria-describedby=\"caption-attachment-353\" class=\"size-medium wp-image-353 \" alt=\"slalom-rot-350\" src=\"https:\/\/www.kanu-coswig.de\/wp-content\/uploads\/2014\/03\/slalom-rot-350-300x300.jpg\" width=\"300\" height=\"300\" srcset=\"https:\/\/www.kanu-coswig.de\/wp-content\/uploads\/2014\/03\/slalom-rot-350-300x300.jpg 300w, https:\/\/www.kanu-coswig.de\/wp-content\/uploads\/2014\/03\/slalom-rot-350-150x150.jpg 150w, https:\/\/www.kanu-coswig.de\/wp-content\/uploads\/2014\/03\/slalom-rot-350.jpg 350w\" sizes=\"auto, (max-width: 300px) 100vw, 300px\" \/><\/a><p id=\"caption-attachment-353\" class=\"wp-caption-text\">Rotes Tor &#8230; Im Kehrwasser des Flusses stromaufw\u00e4rts<\/p><\/div>\n<p>&nbsp;<\/p>\n<p>Am besten erlebt man Kanu-Slalom im Wildwasser. Die nachfolgenden Fotos geben einen Einblick in diese Disziplin.<\/p>\n<p style=\"text-align: center;\"><a href=\"https:\/\/www.kanu-coswig.de\/wp-content\/uploads\/2014\/02\/slalom_IMG_0703.jpg\"><img loading=\"lazy\" decoding=\"async\" class=\"alignnone size-medium wp-image-482\" alt=\"slalom_IMG_0703\" src=\"https:\/\/www.kanu-coswig.de\/wp-content\/uploads\/2014\/02\/slalom_IMG_0703-300x200.jpg\" width=\"300\" height=\"200\" srcset=\"https:\/\/www.kanu-coswig.de\/wp-content\/uploads\/2014\/02\/slalom_IMG_0703-300x200.jpg 300w, https:\/\/www.kanu-coswig.de\/wp-content\/uploads\/2014\/02\/slalom_IMG_0703-224x150.jpg 224w, https:\/\/www.kanu-coswig.de\/wp-content\/uploads\/2014\/02\/slalom_IMG_0703-150x100.jpg 150w, https:\/\/www.kanu-coswig.de\/wp-content\/uploads\/2014\/02\/slalom_IMG_0703.jpg 1024w\" sizes=\"auto, (max-width: 300px) 100vw, 300px\" \/><\/a> <a href=\"https:\/\/www.kanu-coswig.de\/wp-content\/uploads\/2014\/02\/slalom_IMG_0636.jpg\"><img loading=\"lazy\" decoding=\"async\" class=\"alignnone size-medium wp-image-481\" alt=\"slalom_IMG_0636\" src=\"https:\/\/www.kanu-coswig.de\/wp-content\/uploads\/2014\/02\/slalom_IMG_0636-300x200.jpg\" width=\"300\" height=\"200\" srcset=\"https:\/\/www.kanu-coswig.de\/wp-content\/uploads\/2014\/02\/slalom_IMG_0636-300x200.jpg 300w, https:\/\/www.kanu-coswig.de\/wp-content\/uploads\/2014\/02\/slalom_IMG_0636-224x150.jpg 224w, https:\/\/www.kanu-coswig.de\/wp-content\/uploads\/2014\/02\/slalom_IMG_0636-150x100.jpg 150w, https:\/\/www.kanu-coswig.de\/wp-content\/uploads\/2014\/02\/slalom_IMG_0636.jpg 1024w\" sizes=\"auto, (max-width: 300px) 100vw, 300px\" \/><\/a> <a href=\"https:\/\/www.kanu-coswig.de\/wp-content\/uploads\/2014\/02\/slalom_IMG_0538.jpg\"><img loading=\"lazy\" decoding=\"async\" class=\"alignnone size-medium wp-image-480\" alt=\"slalom_IMG_0538\" src=\"https:\/\/www.kanu-coswig.de\/wp-content\/uploads\/2014\/02\/slalom_IMG_0538-300x199.jpg\" width=\"300\" height=\"199\" srcset=\"https:\/\/www.kanu-coswig.de\/wp-content\/uploads\/2014\/02\/slalom_IMG_0538-300x199.jpg 300w, https:\/\/www.kanu-coswig.de\/wp-content\/uploads\/2014\/02\/slalom_IMG_0538-225x150.jpg 225w, https:\/\/www.kanu-coswig.de\/wp-content\/uploads\/2014\/02\/slalom_IMG_0538-150x99.jpg 150w, https:\/\/www.kanu-coswig.de\/wp-content\/uploads\/2014\/02\/slalom_IMG_0538.jpg 1024w\" sizes=\"auto, (max-width: 300px) 100vw, 300px\" \/><\/a> <a href=\"https:\/\/www.kanu-coswig.de\/wp-content\/uploads\/2014\/02\/slalom_IMG_0441.jpg\"><img loading=\"lazy\" decoding=\"async\" class=\"alignnone size-medium wp-image-479\" alt=\"slalom_IMG_0441\" src=\"https:\/\/www.kanu-coswig.de\/wp-content\/uploads\/2014\/02\/slalom_IMG_0441-300x200.jpg\" width=\"300\" height=\"200\" srcset=\"https:\/\/www.kanu-coswig.de\/wp-content\/uploads\/2014\/02\/slalom_IMG_0441-300x200.jpg 300w, https:\/\/www.kanu-coswig.de\/wp-content\/uploads\/2014\/02\/slalom_IMG_0441-224x150.jpg 224w, https:\/\/www.kanu-coswig.de\/wp-content\/uploads\/2014\/02\/slalom_IMG_0441-150x100.jpg 150w, https:\/\/www.kanu-coswig.de\/wp-content\/uploads\/2014\/02\/slalom_IMG_0441.jpg 1024w\" sizes=\"auto, (max-width: 300px) 100vw, 300px\" \/><\/a> <a href=\"https:\/\/www.kanu-coswig.de\/wp-content\/uploads\/2014\/02\/slalom_IMG_0415.jpg\"><img loading=\"lazy\" decoding=\"async\" class=\"alignnone size-medium wp-image-478\" alt=\"slalom_IMG_0415\" src=\"https:\/\/www.kanu-coswig.de\/wp-content\/uploads\/2014\/02\/slalom_IMG_0415-300x200.jpg\" width=\"300\" height=\"200\" srcset=\"https:\/\/www.kanu-coswig.de\/wp-content\/uploads\/2014\/02\/slalom_IMG_0415-300x200.jpg 300w, https:\/\/www.kanu-coswig.de\/wp-content\/uploads\/2014\/02\/slalom_IMG_0415-224x150.jpg 224w, https:\/\/www.kanu-coswig.de\/wp-content\/uploads\/2014\/02\/slalom_IMG_0415-150x100.jpg 150w, https:\/\/www.kanu-coswig.de\/wp-content\/uploads\/2014\/02\/slalom_IMG_0415.jpg 1024w\" sizes=\"auto, (max-width: 300px) 100vw, 300px\" \/><\/a> <a href=\"https:\/\/www.kanu-coswig.de\/wp-content\/uploads\/2014\/02\/slalom_IMG_0413.jpg\"><img loading=\"lazy\" decoding=\"async\" class=\"alignnone size-medium wp-image-477\" alt=\"slalom_IMG_0413\" src=\"https:\/\/www.kanu-coswig.de\/wp-content\/uploads\/2014\/02\/slalom_IMG_0413-300x199.jpg\" width=\"300\" height=\"199\" srcset=\"https:\/\/www.kanu-coswig.de\/wp-content\/uploads\/2014\/02\/slalom_IMG_0413-300x199.jpg 300w, https:\/\/www.kanu-coswig.de\/wp-content\/uploads\/2014\/02\/slalom_IMG_0413-225x150.jpg 225w, https:\/\/www.kanu-coswig.de\/wp-content\/uploads\/2014\/02\/slalom_IMG_0413-150x99.jpg 150w, https:\/\/www.kanu-coswig.de\/wp-content\/uploads\/2014\/02\/slalom_IMG_0413.jpg 1024w\" sizes=\"auto, (max-width: 300px) 100vw, 300px\" \/><\/a> <a href=\"https:\/\/www.kanu-coswig.de\/wp-content\/uploads\/2014\/02\/slalom_IMG_0361.jpg\"><img loading=\"lazy\" decoding=\"async\" class=\"alignnone size-medium wp-image-476\" alt=\"slalom_IMG_0361\" src=\"https:\/\/www.kanu-coswig.de\/wp-content\/uploads\/2014\/02\/slalom_IMG_0361-300x200.jpg\" width=\"300\" height=\"200\" srcset=\"https:\/\/www.kanu-coswig.de\/wp-content\/uploads\/2014\/02\/slalom_IMG_0361-300x200.jpg 300w, https:\/\/www.kanu-coswig.de\/wp-content\/uploads\/2014\/02\/slalom_IMG_0361-224x150.jpg 224w, https:\/\/www.kanu-coswig.de\/wp-content\/uploads\/2014\/02\/slalom_IMG_0361-150x100.jpg 150w, https:\/\/www.kanu-coswig.de\/wp-content\/uploads\/2014\/02\/slalom_IMG_0361.jpg 1024w\" sizes=\"auto, (max-width: 300px) 100vw, 300px\" \/><\/a> <a href=\"https:\/\/www.kanu-coswig.de\/wp-content\/uploads\/2014\/02\/slalom_IMG_0360.jpg\"><img loading=\"lazy\" decoding=\"async\" class=\"alignnone size-medium wp-image-475\" alt=\"slalom_IMG_0360\" src=\"https:\/\/www.kanu-coswig.de\/wp-content\/uploads\/2014\/02\/slalom_IMG_0360-300x202.jpg\" width=\"300\" height=\"202\" srcset=\"https:\/\/www.kanu-coswig.de\/wp-content\/uploads\/2014\/02\/slalom_IMG_0360-300x202.jpg 300w, https:\/\/www.kanu-coswig.de\/wp-content\/uploads\/2014\/02\/slalom_IMG_0360-222x150.jpg 222w, https:\/\/www.kanu-coswig.de\/wp-content\/uploads\/2014\/02\/slalom_IMG_0360-150x101.jpg 150w, https:\/\/www.kanu-coswig.de\/wp-content\/uploads\/2014\/02\/slalom_IMG_0360.jpg 1024w\" sizes=\"auto, (max-width: 300px) 100vw, 300px\" \/><\/a> <a href=\"https:\/\/www.kanu-coswig.de\/wp-content\/uploads\/2014\/02\/slalom_IMG_0358.jpg\"><img loading=\"lazy\" decoding=\"async\" class=\"alignnone size-medium wp-image-474\" alt=\"slalom_IMG_0358\" src=\"https:\/\/www.kanu-coswig.de\/wp-content\/uploads\/2014\/02\/slalom_IMG_0358-300x200.jpg\" width=\"300\" height=\"200\" srcset=\"https:\/\/www.kanu-coswig.de\/wp-content\/uploads\/2014\/02\/slalom_IMG_0358-300x200.jpg 300w, https:\/\/www.kanu-coswig.de\/wp-content\/uploads\/2014\/02\/slalom_IMG_0358-224x150.jpg 224w, https:\/\/www.kanu-coswig.de\/wp-content\/uploads\/2014\/02\/slalom_IMG_0358-150x100.jpg 150w, https:\/\/www.kanu-coswig.de\/wp-content\/uploads\/2014\/02\/slalom_IMG_0358.jpg 1024w\" sizes=\"auto, (max-width: 300px) 100vw, 300px\" \/><\/a> <a href=\"https:\/\/www.kanu-coswig.de\/wp-content\/uploads\/2014\/02\/slalom_IMG_0206.jpg\"><img loading=\"lazy\" decoding=\"async\" class=\"alignnone size-medium wp-image-473\" alt=\"slalom_IMG_0206\" src=\"https:\/\/www.kanu-coswig.de\/wp-content\/uploads\/2014\/02\/slalom_IMG_0206-300x200.jpg\" width=\"300\" height=\"200\" srcset=\"https:\/\/www.kanu-coswig.de\/wp-content\/uploads\/2014\/02\/slalom_IMG_0206-300x200.jpg 300w, https:\/\/www.kanu-coswig.de\/wp-content\/uploads\/2014\/02\/slalom_IMG_0206-224x150.jpg 224w, https:\/\/www.kanu-coswig.de\/wp-content\/uploads\/2014\/02\/slalom_IMG_0206-150x100.jpg 150w, https:\/\/www.kanu-coswig.de\/wp-content\/uploads\/2014\/02\/slalom_IMG_0206.jpg 1024w\" sizes=\"auto, (max-width: 300px) 100vw, 300px\" \/><\/a> <a href=\"https:\/\/www.kanu-coswig.de\/wp-content\/uploads\/2014\/02\/slalom_IMG_2544.jpg\"><img loading=\"lazy\" decoding=\"async\" class=\"alignnone size-medium wp-image-472\" alt=\"slalom_IMG_2544\" src=\"https:\/\/www.kanu-coswig.de\/wp-content\/uploads\/2014\/02\/slalom_IMG_2544-300x200.jpg\" width=\"300\" height=\"200\" srcset=\"https:\/\/www.kanu-coswig.de\/wp-content\/uploads\/2014\/02\/slalom_IMG_2544-300x200.jpg 300w, https:\/\/www.kanu-coswig.de\/wp-content\/uploads\/2014\/02\/slalom_IMG_2544-224x150.jpg 224w, https:\/\/www.kanu-coswig.de\/wp-content\/uploads\/2014\/02\/slalom_IMG_2544-150x100.jpg 150w, https:\/\/www.kanu-coswig.de\/wp-content\/uploads\/2014\/02\/slalom_IMG_2544.jpg 1024w\" sizes=\"auto, (max-width: 300px) 100vw, 300px\" \/><\/a><\/p>\n","protected":false},"excerpt":{"rendered":"<p>Kanu-Slalom ist eine Disziplin des Kanusports, welche als Wettkampfsportart (bevorzugt im Wildwasser) ausgetragen wird. Das Reglement wird durch die Wettkampfbestimmungsordnung vertreten. Die Wettkampfstrecke betr\u00e4gt zwischen 200 und 450 Meter und sollte eine Mindesttiefe von 40cm haben sowie einer Durchflussgeschwindigkeit von 2m pro Sekunde aufweisen. Neben echten Wildwasserstrecken gibt es auch\u2026 <a class=\"continue-reading-link\" href=\"https:\/\/www.kanu-coswig.de\/?page_id=55\">Weiterlesen<\/a><\/p>\n","protected":false},"author":1,"featured_media":0,"parent":0,"menu_order":0,"comment_status":"closed","ping_status":"closed","template":"","meta":{"footnotes":""},"class_list":["post-55","page","type-page","status-publish","hentry"],"yoast_head":"<!-- This site is optimized with the Yoast SEO plugin v21.8 - https:\/\/yoast.com\/wordpress\/plugins\/seo\/ -->\n<title>Kanu-Slalom - Coswiger Kanu-Verein e.V.<\/title>\n<meta name=\"robots\" content=\"index, follow, max-snippet:-1, max-image-preview:large, max-video-preview:-1\" \/>\n<link rel=\"canonical\" href=\"https:\/\/www.kanu-coswig.de\/?page_id=55\" \/>\n<meta property=\"og:locale\" content=\"de_DE\" \/>\n<meta property=\"og:type\" content=\"article\" \/>\n<meta property=\"og:title\" content=\"Kanu-Slalom - Coswiger Kanu-Verein e.V.\" \/>\n<meta property=\"og:description\" content=\"Kanu-Slalom ist eine Disziplin des Kanusports, welche als Wettkampfsportart (bevorzugt im Wildwasser) ausgetragen wird. Das Reglement wird durch die Wettkampfbestimmungsordnung vertreten. Die Wettkampfstrecke betr\u00e4gt zwischen 200 und 450 Meter und sollte eine Mindesttiefe von 40cm haben sowie einer Durchflussgeschwindigkeit von 2m pro Sekunde aufweisen. Neben echten Wildwasserstrecken gibt es auch\u2026 Weiterlesen\" \/>\n<meta property=\"og:url\" content=\"https:\/\/www.kanu-coswig.de\/?page_id=55\" \/>\n<meta property=\"og:site_name\" content=\"Coswiger Kanu-Verein e.V.\" \/>\n<meta property=\"article:modified_time\" content=\"2014-04-07T22:36:57+00:00\" \/>\n<meta property=\"og:image\" content=\"https:\/\/www.kanu-coswig.de\/wp-content\/uploads\/2014\/03\/slalom-green-350-300x300.jpg\" \/>\n<meta name=\"twitter:label1\" content=\"Gesch\u00e4tzte Lesezeit\" \/>\n\t<meta name=\"twitter:data1\" content=\"1\u00a0Minute\" \/>\n<script type=\"application\/ld+json\" class=\"yoast-schema-graph\">{\"@context\":\"https:\/\/schema.org\",\"@graph\":[{\"@type\":\"WebPage\",\"@id\":\"https:\/\/www.kanu-coswig.de\/?page_id=55\",\"url\":\"https:\/\/www.kanu-coswig.de\/?page_id=55\",\"name\":\"Kanu-Slalom - Coswiger Kanu-Verein e.V.\",\"isPartOf\":{\"@id\":\"https:\/\/www.kanu-coswig.de\/#website\"},\"datePublished\":\"2014-02-10T21:48:46+00:00\",\"dateModified\":\"2014-04-07T22:36:57+00:00\",\"breadcrumb\":{\"@id\":\"https:\/\/www.kanu-coswig.de\/?page_id=55#breadcrumb\"},\"inLanguage\":\"de\",\"potentialAction\":[{\"@type\":\"ReadAction\",\"target\":[\"https:\/\/www.kanu-coswig.de\/?page_id=55\"]}]},{\"@type\":\"BreadcrumbList\",\"@id\":\"https:\/\/www.kanu-coswig.de\/?page_id=55#breadcrumb\",\"itemListElement\":[{\"@type\":\"ListItem\",\"position\":1,\"name\":\"Home\",\"item\":\"https:\/\/www.kanu-coswig.de\/\"},{\"@type\":\"ListItem\",\"position\":2,\"name\":\"Kanu-Slalom\"}]},{\"@type\":\"WebSite\",\"@id\":\"https:\/\/www.kanu-coswig.de\/#website\",\"url\":\"https:\/\/www.kanu-coswig.de\/\",\"name\":\"Coswiger Kanu-Verein e.V.\",\"description\":\"Zentrum f\u00fcr Kanusport, Kanutouristik und Freizeit in Sachsen\",\"potentialAction\":[{\"@type\":\"SearchAction\",\"target\":{\"@type\":\"EntryPoint\",\"urlTemplate\":\"https:\/\/www.kanu-coswig.de\/?s={search_term_string}\"},\"query-input\":\"required name=search_term_string\"}],\"inLanguage\":\"de\"}]}<\/script>\n<!-- \/ Yoast SEO plugin. -->","yoast_head_json":{"title":"Kanu-Slalom - Coswiger Kanu-Verein e.V.","robots":{"index":"index","follow":"follow","max-snippet":"max-snippet:-1","max-image-preview":"max-image-preview:large","max-video-preview":"max-video-preview:-1"},"canonical":"https:\/\/www.kanu-coswig.de\/?page_id=55","og_locale":"de_DE","og_type":"article","og_title":"Kanu-Slalom - Coswiger Kanu-Verein e.V.","og_description":"Kanu-Slalom ist eine Disziplin des Kanusports, welche als Wettkampfsportart (bevorzugt im Wildwasser) ausgetragen wird. Das Reglement wird durch die Wettkampfbestimmungsordnung vertreten. Die Wettkampfstrecke betr\u00e4gt zwischen 200 und 450 Meter und sollte eine Mindesttiefe von 40cm haben sowie einer Durchflussgeschwindigkeit von 2m pro Sekunde aufweisen. Neben echten Wildwasserstrecken gibt es auch\u2026 Weiterlesen","og_url":"https:\/\/www.kanu-coswig.de\/?page_id=55","og_site_name":"Coswiger Kanu-Verein e.V.","article_modified_time":"2014-04-07T22:36:57+00:00","og_image":[{"url":"https:\/\/www.kanu-coswig.de\/wp-content\/uploads\/2014\/03\/slalom-green-350-300x300.jpg"}],"twitter_misc":{"Gesch\u00e4tzte Lesezeit":"1\u00a0Minute"},"schema":{"@context":"https:\/\/schema.org","@graph":[{"@type":"WebPage","@id":"https:\/\/www.kanu-coswig.de\/?page_id=55","url":"https:\/\/www.kanu-coswig.de\/?page_id=55","name":"Kanu-Slalom - Coswiger Kanu-Verein e.V.","isPartOf":{"@id":"https:\/\/www.kanu-coswig.de\/#website"},"datePublished":"2014-02-10T21:48:46+00:00","dateModified":"2014-04-07T22:36:57+00:00","breadcrumb":{"@id":"https:\/\/www.kanu-coswig.de\/?page_id=55#breadcrumb"},"inLanguage":"de","potentialAction":[{"@type":"ReadAction","target":["https:\/\/www.kanu-coswig.de\/?page_id=55"]}]},{"@type":"BreadcrumbList","@id":"https:\/\/www.kanu-coswig.de\/?page_id=55#breadcrumb","itemListElement":[{"@type":"ListItem","position":1,"name":"Home","item":"https:\/\/www.kanu-coswig.de\/"},{"@type":"ListItem","position":2,"name":"Kanu-Slalom"}]},{"@type":"WebSite","@id":"https:\/\/www.kanu-coswig.de\/#website","url":"https:\/\/www.kanu-coswig.de\/","name":"Coswiger Kanu-Verein e.V.","description":"Zentrum f\u00fcr Kanusport, Kanutouristik und Freizeit in Sachsen","potentialAction":[{"@type":"SearchAction","target":{"@type":"EntryPoint","urlTemplate":"https:\/\/www.kanu-coswig.de\/?s={search_term_string}"},"query-input":"required name=search_term_string"}],"inLanguage":"de"}]}},"_links":{"self":[{"href":"https:\/\/www.kanu-coswig.de\/index.php?rest_route=\/wp\/v2\/pages\/55","targetHints":{"allow":["GET"]}}],"collection":[{"href":"https:\/\/www.kanu-coswig.de\/index.php?rest_route=\/wp\/v2\/pages"}],"about":[{"href":"https:\/\/www.kanu-coswig.de\/index.php?rest_route=\/wp\/v2\/types\/page"}],"author":[{"embeddable":true,"href":"https:\/\/www.kanu-coswig.de\/index.php?rest_route=\/wp\/v2\/users\/1"}],"replies":[{"embeddable":true,"href":"https:\/\/www.kanu-coswig.de\/index.php?rest_route=%2Fwp%2Fv2%2Fcomments&post=55"}],"version-history":[{"count":7,"href":"https:\/\/www.kanu-coswig.de\/index.php?rest_route=\/wp\/v2\/pages\/55\/revisions"}],"predecessor-version":[{"id":494,"href":"https:\/\/www.kanu-coswig.de\/index.php?rest_route=\/wp\/v2\/pages\/55\/revisions\/494"}],"wp:attachment":[{"href":"https:\/\/www.kanu-coswig.de\/index.php?rest_route=%2Fwp%2Fv2%2Fmedia&parent=55"}],"curies":[{"name":"wp","href":"https:\/\/api.w.org\/{rel}","templated":true}]}}