{"id":57,"date":"2014-02-10T23:53:43","date_gmt":"2014-02-10T21:53:43","guid":{"rendered":"http:\/\/localhost:85\/wordpress\/?page_id=57"},"modified":"2014-03-26T09:18:57","modified_gmt":"2014-03-26T08:18:57","slug":"m-kanutouristik","status":"publish","type":"page","link":"https:\/\/www.kanu-coswig.de\/?page_id=57","title":{"rendered":"Kanu-Touristik"},"content":{"rendered":"<p>Die Kanutouristik oder auch einfach Wasserwandern genannt, ist eine von vielen Sparten des Kanusports. Diese Sportart ist f\u00fcr jede Altersgruppe geeignet und bis ins hohe Lebensalter durchf\u00fchrbar. Die Bewegung auf und mit dem Wasser hat einen hohen Erlebnis- und Erholungswert. Gepaddelt wird in Kajaks oder Canadiern, welche es als Faltboote oder als starre Variante gibt. Ein Motor wird nicht benutzt. Je nach ausgew\u00e4hltem Revier lernt man Kleinfl\u00fcsse, Str\u00f6me, Seen oder K\u00fcstengew\u00e4sser kennen. Die Anforderungen an Kenntnisse und Ausr\u00fcstungen sind dabei recht unterschiedlich, wobei die Sicherheit und die Achtung vor der Natur immer im Vordergrund stehen. Am g\u00fcnstigsten gestaltet sich das Wasserwandern im Verein. Dort gibt es erfahrene Paddler, Fahrtenprogramme, Transportm\u00f6glichkeiten durch Fahrgemeinschaften und mitunter auch Leihboote.<\/p>\n<p>Dies ist auch im Coswiger Kanuverein der Fall, wo eine kleine aber aktive Wandergruppe im Jahr ca. 7000 km auf den verschiedensten Gew\u00e4ssern zur\u00fcck legt. Im Fahrtenplan ist alles dabei: Eint\u00e4gige und mehrt\u00e4gige, leichte und anspruchsvolle, kurze und lange, individuelle und Verbands-Fahrten.<\/p>\n<p>Mehrtagesfahrten stellen gr\u00f6\u00dfere Anforderungen, dies erf\u00e4hrt man aber nach und nach in der Gemeinschaft. Gefahren wird fast immer in kleinen Gruppen, das ist gut f\u00fcr die Umwelt und sichert gegenseitige Hilfe. Das Bootshaus des Coswiger Kanuvereins steht f\u00fcr Kanuwanderer offen. Anmeldung bzw. <a title=\"Kontakt\" href=\"https:\/\/www.kanu-coswig.de\/?page_id=120\">Kontaktaufnahme bitte hier<\/a> oder am Bootshaus.<\/p>\n<p>Durch Fahrten in der Gruppe und die Verbindung zu anderen Vereinen gestalten sich die Veranstaltungen im Verh\u00e4ltnis zum Erlebniswert kosteng\u00fcnstig.<\/p>\n","protected":false},"excerpt":{"rendered":"<p>Die Kanutouristik oder auch einfach Wasserwandern genannt, ist eine von vielen Sparten des Kanusports. Diese Sportart ist f\u00fcr jede Altersgruppe geeignet und bis ins hohe Lebensalter durchf\u00fchrbar. Die Bewegung auf und mit dem Wasser hat einen hohen Erlebnis- und Erholungswert. Gepaddelt wird in Kajaks oder Canadiern, welche es als Faltboote\u2026 <a class=\"continue-reading-link\" href=\"https:\/\/www.kanu-coswig.de\/?page_id=57\">Weiterlesen<\/a><\/p>\n","protected":false},"author":1,"featured_media":0,"parent":0,"menu_order":0,"comment_status":"closed","ping_status":"closed","template":"","meta":{"footnotes":""},"class_list":["post-57","page","type-page","status-publish","hentry"],"yoast_head":"<!-- This site is optimized with the Yoast SEO plugin v21.8 - https:\/\/yoast.com\/wordpress\/plugins\/seo\/ -->\n<title>Kanu-Touristik - Coswiger Kanu-Verein e.V.<\/title>\n<meta name=\"robots\" content=\"index, follow, max-snippet:-1, max-image-preview:large, max-video-preview:-1\" \/>\n<link rel=\"canonical\" href=\"https:\/\/www.kanu-coswig.de\/?page_id=57\" \/>\n<meta property=\"og:locale\" content=\"de_DE\" \/>\n<meta property=\"og:type\" content=\"article\" \/>\n<meta property=\"og:title\" content=\"Kanu-Touristik - Coswiger Kanu-Verein e.V.\" \/>\n<meta property=\"og:description\" content=\"Die Kanutouristik oder auch einfach Wasserwandern genannt, ist eine von vielen Sparten des Kanusports. Diese Sportart ist f\u00fcr jede Altersgruppe geeignet und bis ins hohe Lebensalter durchf\u00fchrbar. Die Bewegung auf und mit dem Wasser hat einen hohen Erlebnis- und Erholungswert. Gepaddelt wird in Kajaks oder Canadiern, welche es als Faltboote\u2026 Weiterlesen\" \/>\n<meta property=\"og:url\" content=\"https:\/\/www.kanu-coswig.de\/?page_id=57\" \/>\n<meta property=\"og:site_name\" content=\"Coswiger Kanu-Verein e.V.\" \/>\n<meta property=\"article:modified_time\" content=\"2014-03-26T08:18:57+00:00\" \/>\n<meta name=\"twitter:label1\" content=\"Gesch\u00e4tzte Lesezeit\" \/>\n\t<meta name=\"twitter:data1\" content=\"1\u00a0Minute\" \/>\n<script type=\"application\/ld+json\" class=\"yoast-schema-graph\">{\"@context\":\"https:\/\/schema.org\",\"@graph\":[{\"@type\":\"WebPage\",\"@id\":\"https:\/\/www.kanu-coswig.de\/?page_id=57\",\"url\":\"https:\/\/www.kanu-coswig.de\/?page_id=57\",\"name\":\"Kanu-Touristik - Coswiger Kanu-Verein e.V.\",\"isPartOf\":{\"@id\":\"https:\/\/www.kanu-coswig.de\/#website\"},\"datePublished\":\"2014-02-10T21:53:43+00:00\",\"dateModified\":\"2014-03-26T08:18:57+00:00\",\"breadcrumb\":{\"@id\":\"https:\/\/www.kanu-coswig.de\/?page_id=57#breadcrumb\"},\"inLanguage\":\"de\",\"potentialAction\":[{\"@type\":\"ReadAction\",\"target\":[\"https:\/\/www.kanu-coswig.de\/?page_id=57\"]}]},{\"@type\":\"BreadcrumbList\",\"@id\":\"https:\/\/www.kanu-coswig.de\/?page_id=57#breadcrumb\",\"itemListElement\":[{\"@type\":\"ListItem\",\"position\":1,\"name\":\"Home\",\"item\":\"https:\/\/www.kanu-coswig.de\/\"},{\"@type\":\"ListItem\",\"position\":2,\"name\":\"Kanu-Touristik\"}]},{\"@type\":\"WebSite\",\"@id\":\"https:\/\/www.kanu-coswig.de\/#website\",\"url\":\"https:\/\/www.kanu-coswig.de\/\",\"name\":\"Coswiger Kanu-Verein e.V.\",\"description\":\"Zentrum f\u00fcr Kanusport, Kanutouristik und Freizeit in Sachsen\",\"potentialAction\":[{\"@type\":\"SearchAction\",\"target\":{\"@type\":\"EntryPoint\",\"urlTemplate\":\"https:\/\/www.kanu-coswig.de\/?s={search_term_string}\"},\"query-input\":\"required name=search_term_string\"}],\"inLanguage\":\"de\"}]}<\/script>\n<!-- \/ Yoast SEO plugin. -->","yoast_head_json":{"title":"Kanu-Touristik - Coswiger Kanu-Verein e.V.","robots":{"index":"index","follow":"follow","max-snippet":"max-snippet:-1","max-image-preview":"max-image-preview:large","max-video-preview":"max-video-preview:-1"},"canonical":"https:\/\/www.kanu-coswig.de\/?page_id=57","og_locale":"de_DE","og_type":"article","og_title":"Kanu-Touristik - Coswiger Kanu-Verein e.V.","og_description":"Die Kanutouristik oder auch einfach Wasserwandern genannt, ist eine von vielen Sparten des Kanusports. Diese Sportart ist f\u00fcr jede Altersgruppe geeignet und bis ins hohe Lebensalter durchf\u00fchrbar. Die Bewegung auf und mit dem Wasser hat einen hohen Erlebnis- und Erholungswert. Gepaddelt wird in Kajaks oder Canadiern, welche es als Faltboote\u2026 Weiterlesen","og_url":"https:\/\/www.kanu-coswig.de\/?page_id=57","og_site_name":"Coswiger Kanu-Verein e.V.","article_modified_time":"2014-03-26T08:18:57+00:00","twitter_misc":{"Gesch\u00e4tzte Lesezeit":"1\u00a0Minute"},"schema":{"@context":"https:\/\/schema.org","@graph":[{"@type":"WebPage","@id":"https:\/\/www.kanu-coswig.de\/?page_id=57","url":"https:\/\/www.kanu-coswig.de\/?page_id=57","name":"Kanu-Touristik - Coswiger Kanu-Verein e.V.","isPartOf":{"@id":"https:\/\/www.kanu-coswig.de\/#website"},"datePublished":"2014-02-10T21:53:43+00:00","dateModified":"2014-03-26T08:18:57+00:00","breadcrumb":{"@id":"https:\/\/www.kanu-coswig.de\/?page_id=57#breadcrumb"},"inLanguage":"de","potentialAction":[{"@type":"ReadAction","target":["https:\/\/www.kanu-coswig.de\/?page_id=57"]}]},{"@type":"BreadcrumbList","@id":"https:\/\/www.kanu-coswig.de\/?page_id=57#breadcrumb","itemListElement":[{"@type":"ListItem","position":1,"name":"Home","item":"https:\/\/www.kanu-coswig.de\/"},{"@type":"ListItem","position":2,"name":"Kanu-Touristik"}]},{"@type":"WebSite","@id":"https:\/\/www.kanu-coswig.de\/#website","url":"https:\/\/www.kanu-coswig.de\/","name":"Coswiger Kanu-Verein e.V.","description":"Zentrum f\u00fcr Kanusport, Kanutouristik und Freizeit in Sachsen","potentialAction":[{"@type":"SearchAction","target":{"@type":"EntryPoint","urlTemplate":"https:\/\/www.kanu-coswig.de\/?s={search_term_string}"},"query-input":"required name=search_term_string"}],"inLanguage":"de"}]}},"_links":{"self":[{"href":"https:\/\/www.kanu-coswig.de\/index.php?rest_route=\/wp\/v2\/pages\/57","targetHints":{"allow":["GET"]}}],"collection":[{"href":"https:\/\/www.kanu-coswig.de\/index.php?rest_route=\/wp\/v2\/pages"}],"about":[{"href":"https:\/\/www.kanu-coswig.de\/index.php?rest_route=\/wp\/v2\/types\/page"}],"author":[{"embeddable":true,"href":"https:\/\/www.kanu-coswig.de\/index.php?rest_route=\/wp\/v2\/users\/1"}],"replies":[{"embeddable":true,"href":"https:\/\/www.kanu-coswig.de\/index.php?rest_route=%2Fwp%2Fv2%2Fcomments&post=57"}],"version-history":[{"count":4,"href":"https:\/\/www.kanu-coswig.de\/index.php?rest_route=\/wp\/v2\/pages\/57\/revisions"}],"predecessor-version":[{"id":381,"href":"https:\/\/www.kanu-coswig.de\/index.php?rest_route=\/wp\/v2\/pages\/57\/revisions\/381"}],"wp:attachment":[{"href":"https:\/\/www.kanu-coswig.de\/index.php?rest_route=%2Fwp%2Fv2%2Fmedia&parent=57"}],"curies":[{"name":"wp","href":"https:\/\/api.w.org\/{rel}","templated":true}]}}